0067
3d2a32 (base 15) to base 16
2cf111
What is 242413313 (base 5) in base 7?
12451325
What is -14651310 (base 8) in base 11?
-1998083
Convert 134642065 (base 7) to base 15.
b9278a
216112 (base 8) to base 11
4a752
8a33b (base 13) to base 2
111101010010000111
What is -59bd34 (base 14) in base 10?
-3067642
What is 1125332423 (base 6) in base 15?
1186d66
1bdca (base 14) to base 11
49652
-248309 (base 11) to base 13
-109389
Convert -1041300241 (base 5) to base 9.
-4271217
163860 (base 14) to base 12
316424
What is 1125632 (base 7) in base 12?
69922
-1100041440 (base 5) to base 16
-23cdff
What is -23312 (base 10) in base 2?
-101101100010000
What is -220001111210 (base 3) in base 16?
-73995
-211521 (base 10) to base 3
-101202011010
What is 212120111022 (base 3) in base 12?
1a462b
Convert -5c7c1c (base 13) to base 5.
-1031413004
-364653 (base 9) to base 6
-4414203
Convert 110011001100001110100101 (base 2) to base 9.
27222886
-1210221100220 (base 3) to base 16
-eb2cc
Convert -1285866 (base 11) to base 10.
-2218486
What is 76421 (base 12) in base 6?
3202441
Convert 442336 (base 8) to base 7.
1156351
What is -42703651 (base 8) in base 5?
-4320103413
What is -43aa799 (base 11) in base 2?
-11101011111001110011000
-e8e5 (base 15) to base 13
-19568
Convert -32320130 (base 4) to base 5.
-3422311
What is -22430552 (base 6) in base 3?
-1021222021212
Convert -1a6906 (base 11) to base 9.
-532183
What is 2a18c (base 15) in base 3?
20212200020
Convert -1001111111010100010 (base 2) to base 14.
-8740a
What is -1011211100 (base 3) in base 5?
-1220302
What is -301213312203 (base 4) in base 16?
-c67da3
Convert 565762 (base 8) to base 2.
101110101111110010
2414626 (base 7) to base 13
a9738
Convert -11325321 (base 6) to base 8.
-1262661
-22001201120 (base 3) to base 5
-20034341
Convert 2a0928 (base 11) to base 13.
1359b6
Convert a0c207 (base 13) to base 14.
6d4bb1
What is -1234055 (base 9) in base 8?
-2440674
What is -1381654 (base 9) in base 12?
-309204
What is -13273656 (base 8) in base 4?
-23113132232
Convert 10301130 (base 4) to base 16.
4c5c
What is 6579 (base 13) in base 15?
42bc
Convert -5064542 (base 10) to base 7.
-61022300
11024331 (base 5) to base 12
4739b
Convert 14020422 (base 6) to base 7.
3663152
193949 (base 10) to base 16
2f59d
113334 (base 8) to base 3
1221222101
What is -10010310112 (base 4) in base 6?
-34521514
-3ab00 (base 13) to base 6
-2203000
What is -13131022003 (base 4) in base 11?
-111543a
Convert 450725 (base 11) to base 2.
10101111010111001011
21c93e (base 16) to base 12
8a9452
Convert 788174 (base 9) to base 11.
2a252a
235468 (base 10) to base 11
150a02
What is -303212033 (base 4) in base 16?
-3398f
-233321131321 (base 4) to base 7
-211503601
What is 1150878 (base 13) in base 15?
707dc3
What is bee1f1 (base 16) in base 8?
57560761
What is -45860 (base 11) in base 5?
-4110003
-10011110001111110100 (base 2) to base 13
-199050
-68049 (base 15) to base 7
-2545326
What is -101100111011001011010 (base 2) in base 11?
-916004
120401612 (base 7) to base 5
3403323021
121220213 (base 4) to base 2
11001101000100111
-357105 (base 10) to base 16
-572f1
236c1 (base 15) to base 5
12103111
-11011010000000010011101 (base 2) to base 6
-413040045
1101001101011100001 (base 2) to base 7
3451666
What is -46173a (base 11) in base 6?
-23423223
Convert 146652364 (base 7) to base 9.
20525784
222130022 (base 5) to base 2
11101101101111000010
-1b99334 (base 13) to base 8
-43032064
What is -764463 (base 11) in base 2?
-100101010000111011000
110110001000100011110111 (base 2) to base 3
222200222011122
What is -32a9d (base 15) in base 10?
-161023
Convert 312031102 (base 4) to base 16.
36352
What is -3160068 (base 10) in base 4?
-30003200010
42010354 (base 6) to base 15
18ecb4
What is 3686344 (base 11) in base 14?
bcaa42
6003111 (base 7) to base 12
2a1170
Convert 50525516 (base 7) to base 9.
7824008
-76577 (base 9) to base 15
-100a1
Convert -72414 (base 11) to base 7.
-620004
Convert -4a111 (base 12) to base 15.
-1eb21
Convert 8588328 (base 10) to base 8.
40606050
What is 1015530211 (base 6) in base 4?
220210020133
What is 1131211 (base 6) in base 13?
208ab
-b7c70 (base 15) to base 11
-369278
Convert 445055 (base 6) to base 14.
d8b9
2493a (base 14) to base 8
257030
2b942b (base 13) to base 11
676392
-3230324 (base 5) to base 6
-1103013
3245774 (base 8) to base 14
189804
What is -b94768 (base 12) in base 4?
-23023301000
211426022 (base 7) to base 12
424b942
1155445 (base 7) to base 10
148405
What is -27d165 (base 14) in base 5?
-323134032
What is -1015121 (base 8) in base 7?
-2166624
Convert -2342232344 (base 5) to base 7.
-64104631
Convert -4330033 (base 5) to base 4.
-102000220
-3a5955 (base 12) to base 3
-1210222011102
-250415 (base 6) to base 10
-22187
Convert 1197251 (base 10) to base 15.
189b1b
Convert -16011740 (base 8) to base 14.
-6b9476
What is -11300322 (base 4) in base 2?
-101110000111010
What is -116085 (base 10) in base 8?
-342565
Convert 1011010110101000011101 (base 2) to base 16.
2d6a1d
What is 3521434 (base 6) in base 4?
230120332
Convert -13961 (base 15) to base 14.
-18ca6
Convert 1000010201 (base 3) to base 14.
72d1
What is -bc6d (base 15) in base 11?
-27aa9
Convert a86801 (base 14) to base 10.
5703601
-71236 (base 10) to base 8
-213104
What is -511115 (base 6) in base 13?
-15539
What is 100010110110001000 (base 2) in base 15?
2c453
What is -71472 (base 10) in base 7?
-415242
What is -10310423311 (base 5) in base 10?
-11029831
Convert -1111010111111101001010 (base 2) to base 8.
-17277512
What is -34563635 (base 7) in base 10?
-3041015
Convert -2661411 (base 12) to base 2.
-11100111101011100001101
24543514 (base 8) to base 11
3075953
What is -4436872 (base 9) in base 5?
-1102333410
Convert 4e1143 (base 15) to base 16.
393819
What is 633a6 (base 14) in base 7?
2015066
1011100111101101100 (base 2) to base 13
10441a
What is -133513552 (base 6) in base 9?
-5065255
Convert 4b4a9 (base 12) to base 5.
11241112
What is -63732 (base 14) in base 2?
-111010101000010000
-1444013243 (base 5) to base 12
-1378182
-65f1d (base 16) to base 10
-417565
12232030233 (base 4) to base 13
49907a
-11110101202 (base 4) to base 2
-101010100010001100010
Convert -3f3c (base 16) to base 6.
-202540
What is -331131011212 (base 4) in base 16?
-f5d166
What is -11085868 (base 9) in base 7?
-63440426
What is 53342 (base 10) in base 15?
10c12
What is -3366705 (base 9) in base 8?
-6732346
Convert -100011100011101011 (base 2) to base 10.
-145643
What is -4043343 (base 6) in base 4?
-233001033
What is 2000102101 (base 3) in base 14?
1065b
Convert -21043302 (base 5) to base 2.
-101010101011101011
What is 402115413 (base 6) in base 2?
11010000001100011000001
What is 93db9 (base 14) in base 10?
356687
Convert 6550256 (base 7) to base 10.
802073
Convert 75513 (base 13) to base 4.
303230331
Convert -20052 (base 7) to base 16.
-12e7
311437 (base 8) to base 4
121030133
What is -a6a5a (base 12) in base 14?
-59c7c
What is -1661314 (base 10) in base 5?
-411130224
What is a9d49 (base 14) in base 13?
115396
What is -1bb51 (base 16) in base 4?
-123231101
What is -141400211 (base 6) in base 11?
-1695756
2a8bb7 (base 13) to base 8
3776345
What is -60a12 (base 12) in base 3?
-20101122212
-2042552 (base 6) to base 8
-301504
1243234311 (base 5) to base 8
13653370
What is -22222112211 (base 3) in base 14?
-4861c
2222023313 (base 5) to base 12
1772204
Convert 7df75a (base 16) to base 2.
11111011111011101011010
What is 20102231 (base 5) in base 7?
1233400
1006560 (base 7) to base 10
119994
Convert -458368 (base 11) to base 3.
-1101000022021
Convert 1635522 (base 7) to base 9.
376266
What is 371774 (base 9) in base 16?
36cb5
What is -37da7b (base 16) in base 9?
-6788123
-10200221121 (base 3) to base 12
-361ba
What is -222012010100112 (base 3) in base 11?
-7947053
34100010 (base 5) to base 3
120020112022
Convert -280678 (base 9) to base 2.
-101001110010000111
-11034316 (base 7) to base 5
-220344202
-100111000110011101 (base 2) to base 9
-263622
Convert -22622 (base 11) to base 13.
-11b5c
What is -5454214 (base 6) in base 12?
-11136a
What is 35372 (base 12) in base 3?
10121220012
333522 (base 11) to base 7
4343066
d80d3 (base 16) to base 3
1122221220211
4320b (base 15) to base 5
23304321
-247239 (base 14) to base 8
